{"id":4626,"date":"2023-10-04T05:11:08","date_gmt":"2023-10-04T03:11:08","guid":{"rendered":"https:\/\/medlynat.com\/?page_id=4626"},"modified":"2024-07-01T15:56:49","modified_gmt":"2024-07-01T20:56:49","slug":"glucosamina-y-condroitina","status":"publish","type":"page","link":"https:\/\/medlynat.com\/index.php\/glucosamina-y-condroitina\/","title":{"rendered":"Glucosamina y Condroitina"},"content":{"rendered":"\n<div class=\"wp-block-columns is-layout-flex wp-container-core-columns-is-layout-1 wp-block-columns-is-layout-flex\">\n<div class=\"wp-block-column is-vertically-aligned-center is-layout-flow wp-block-column-is-layout-flow\"><div class=\"wp-block-image\">\n<figure class=\"aligncenter size-full is-resized\"><img loading=\"lazy\" decoding=\"async\" width=\"800\" height=\"1000\" src=\"https:\/\/medlynat.com\/wp-content\/uploads\/2024\/07\/GLUCOSAMINA_USA.png\" alt=\"\" class=\"wp-image-5801\" style=\"width:271px;height:auto\" srcset=\"https:\/\/medlynat.com\/wp-content\/uploads\/2024\/07\/GLUCOSAMINA_USA.png 800w, https:\/\/medlynat.com\/wp-content\/uploads\/2024\/07\/GLUCOSAMINA_USA-240x300.png 240w, https:\/\/medlynat.com\/wp-content\/uploads\/2024\/07\/GLUCOSAMINA_USA-768x960.png 768w, https:\/\/medlynat.com\/wp-content\/uploads\/2024\/07\/GLUCOSAMINA_USA-180x225.png 180w, https:\/\/medlynat.com\/wp-content\/uploads\/2024\/07\/GLUCOSAMINA_USA-600x750.png 600w\" sizes=\"auto, (max-width: 800px) 100vw, 800px\" \/><\/figure><\/div><\/div>\n\n\n\n<div class=\"wp-block-column is-vertically-aligned-center is-layout-flow wp-block-column-is-layout-flow\"><div class=\"wp-block-image\">\n<figure class=\"aligncenter size-full is-resized\"><img loading=\"lazy\" decoding=\"async\" width=\"268\" height=\"480\" src=\"https:\/\/medlynat.com\/wp-content\/uploads\/2024\/06\/glucosamina-condroitina2.png\" alt=\"\" class=\"wp-image-5259\" style=\"width:190px;height:auto\" srcset=\"https:\/\/medlynat.com\/wp-content\/uploads\/2024\/06\/glucosamina-condroitina2.png 268w, https:\/\/medlynat.com\/wp-content\/uploads\/2024\/06\/glucosamina-condroitina2-168x300.png 168w, https:\/\/medlynat.com\/wp-content\/uploads\/2024\/06\/glucosamina-condroitina2-126x225.png 126w\" sizes=\"auto, (max-width: 268px) 100vw, 268px\" \/><\/figure><\/div><\/div>\n\n\n\n<div class=\"wp-block-column is-vertically-aligned-center is-layout-flow wp-block-column-is-layout-flow\"><div class=\"wp-block-image\">\n<figure class=\"aligncenter size-full is-resized\"><img loading=\"lazy\" decoding=\"async\" width=\"286\" height=\"473\" src=\"https:\/\/medlynat.com\/wp-content\/uploads\/2024\/06\/glucosamina-condroitina3.png\" alt=\"\" class=\"wp-image-5260\" style=\"width:201px;height:auto\" srcset=\"https:\/\/medlynat.com\/wp-content\/uploads\/2024\/06\/glucosamina-condroitina3.png 286w, https:\/\/medlynat.com\/wp-content\/uploads\/2024\/06\/glucosamina-condroitina3-181x300.png 181w, https:\/\/medlynat.com\/wp-content\/uploads\/2024\/06\/glucosamina-condroitina3-136x225.png 136w\" sizes=\"auto, (max-width: 286px) 100vw, 286px\" \/><\/figure><\/div><\/div>\n<\/div>\n\n\n\n<h3 class=\"wp-block-heading has-text-align-center\">Glucosamina es un compuesto natural que se encuentra en el cart\u00edlago &#8211; la materia dura que amortigua las articulaciones y la condroitina es una parte vital del cart\u00edlago. Juntos pueden<\/h3>\n\n\n\n<div class=\"wp-block-uagb-container uagb-block-9b43c4f5 alignfull uagb-is-root-container\"><div class=\"uagb-container-inner-blocks-wrap\">\n<div class=\"wp-block-uagb-container uagb-block-ac2517dd\">\n<div class=\"wp-block-uagb-image aligncenter uagb-block-178ceef1 wp-block-uagb-image--layout-default wp-block-uagb-image--effect-static wp-block-uagb-image--align-center\"><figure class=\"wp-block-uagb-image__figure\"><img decoding=\"async\" srcset=\"https:\/\/medlynat.com\/wp-content\/uploads\/2023\/10\/pngwing.com-27.png ,https:\/\/medlynat.com\/wp-content\/uploads\/2023\/10\/pngwing.com-27.png 780w, https:\/\/medlynat.com\/wp-content\/uploads\/2023\/10\/pngwing.com-27.png 360w\" sizes=\"auto, (max-width: 480px) 150px\" src=\"https:\/\/medlynat.com\/wp-content\/uploads\/2023\/10\/pngwing.com-27.png\" alt=\"\" class=\"uag-image-4860\" width=\"149\" height=\"131\" title=\"\" loading=\"lazy\" role=\"img\"\/><\/figure><\/div>\n\n\n\n<p class=\"has-text-align-center\">Ayuda a reducir los dolores<br>en las articulaciones de la <br>artritis<\/p>\n<\/div>\n\n\n\n<div class=\"wp-block-uagb-container uagb-block-7251afc8\">\n<div class=\"wp-block-uagb-image uagb-block-e00b71f0 wp-block-uagb-image--layout-default wp-block-uagb-image--effect-static wp-block-uagb-image--align-none\"><figure class=\"wp-block-uagb-image__figure\"><img decoding=\"async\" srcset=\"https:\/\/medlynat.com\/wp-content\/uploads\/2023\/10\/pngwing.com-30.png ,https:\/\/medlynat.com\/wp-content\/uploads\/2023\/10\/pngwing.com-30.png 780w, https:\/\/medlynat.com\/wp-content\/uploads\/2023\/10\/pngwing.com-30.png 360w\" sizes=\"auto, (max-width: 480px) 150px\" src=\"https:\/\/medlynat.com\/wp-content\/uploads\/2023\/10\/pngwing.com-30.png\" alt=\"\" class=\"uag-image-4863\" width=\"138\" height=\"122\" title=\"\" loading=\"lazy\" role=\"img\"\/><\/figure><\/div>\n\n\n\n<p class=\"has-text-align-center\">Ayuda a frenar la<br>descomposici\u00f3n de las<br>articulaciones<\/p>\n<\/div>\n\n\n\n<div class=\"wp-block-uagb-container uagb-block-ee03f4f3\">\n<div class=\"wp-block-uagb-image aligncenter uagb-block-f212b15d wp-block-uagb-image--layout-default wp-block-uagb-image--effect-static wp-block-uagb-image--align-center\"><figure class=\"wp-block-uagb-image__figure\"><img decoding=\"async\" srcset=\"https:\/\/medlynat.com\/wp-content\/uploads\/2023\/10\/pngwing.com-26-840x1024.png ,https:\/\/medlynat.com\/wp-content\/uploads\/2023\/10\/pngwing.com-26.png 780w, https:\/\/medlynat.com\/wp-content\/uploads\/2023\/10\/pngwing.com-26.png 360w\" sizes=\"auto, (max-width: 480px) 150px\" src=\"https:\/\/medlynat.com\/wp-content\/uploads\/2023\/10\/pngwing.com-26-840x1024.png\" alt=\"\" class=\"uag-image-4866\" width=\"93\" height=\"113\" title=\"\" loading=\"lazy\" role=\"img\"\/><\/figure><\/div>\n\n\n\n<p class=\"has-text-align-center\">Puede ayudar a mejorar la<br>funci\u00f3n articular en<br>articulaciones con<br>artritis<\/p>\n<\/div>\n\n\n\n<div class=\"wp-block-uagb-container uagb-block-ffd59005\">\n<div class=\"wp-block-uagb-image uagb-block-ec003c4b wp-block-uagb-image--layout-default wp-block-uagb-image--effect-static wp-block-uagb-image--align-none\"><figure class=\"wp-block-uagb-image__figure\"><img decoding=\"async\" srcset=\"https:\/\/medlynat.com\/wp-content\/uploads\/2023\/10\/pngwing.com-28.png ,https:\/\/medlynat.com\/wp-content\/uploads\/2023\/10\/pngwing.com-28.png 780w, https:\/\/medlynat.com\/wp-content\/uploads\/2023\/10\/pngwing.com-28.png 360w\" sizes=\"auto, (max-width: 480px) 150px\" src=\"https:\/\/medlynat.com\/wp-content\/uploads\/2023\/10\/pngwing.com-28.png\" alt=\"\" class=\"uag-image-4861\" width=\"106\" height=\"106\" title=\"\" loading=\"lazy\" role=\"img\"\/><\/figure><\/div>\n\n\n\n<p class=\"has-text-align-center\">Mejora el<br>movimiento y la<br>movilidad<\/p>\n<\/div>\n<\/div><\/div>\n\n\n\n<hr class=\"wp-block-separator has-alpha-channel-opacity is-style-dots\"\/>\n\n\n\n<div class=\"wp-block-uagb-container uagb-block-60f22a64 alignfull uagb-is-root-container\"><div class=\"uagb-container-inner-blocks-wrap\">\n<div class=\"wp-block-uagb-container uagb-block-bd4d66d6\">\n<div class=\"wp-block-uagb-image aligncenter uagb-block-ff97e067 wp-block-uagb-image--layout-default wp-block-uagb-image--effect-static wp-block-uagb-image--align-center\"><figure class=\"wp-block-uagb-image__figure\"><img decoding=\"async\" srcset=\"https:\/\/medlynat.com\/wp-content\/uploads\/2023\/10\/pngwing.com-15-478x1024.png ,https:\/\/medlynat.com\/wp-content\/uploads\/2023\/10\/pngwing.com-15.png 780w, https:\/\/medlynat.com\/wp-content\/uploads\/2023\/10\/pngwing.com-15.png 360w\" sizes=\"auto, (max-width: 480px) 150px\" src=\"https:\/\/medlynat.com\/wp-content\/uploads\/2023\/10\/pngwing.com-15-478x1024.png\" alt=\"\" class=\"uag-image-4808\" width=\"60\" height=\"127\" title=\"pngwing.com-15\" loading=\"lazy\" role=\"img\"\/><\/figure><\/div>\n\n\n\n<p class=\"has-text-align-center\">NON-GMO<\/p>\n<\/div>\n\n\n\n<div class=\"wp-block-uagb-container uagb-block-fb8c7d35\">\n<div class=\"wp-block-uagb-image uagb-block-4b2d116a wp-block-uagb-image--layout-default wp-block-uagb-image--effect-static wp-block-uagb-image--align-none\"><figure class=\"wp-block-uagb-image__figure\"><img decoding=\"async\" srcset=\"https:\/\/medlynat.com\/wp-content\/uploads\/2023\/10\/pngwing.com-16.png ,https:\/\/medlynat.com\/wp-content\/uploads\/2023\/10\/pngwing.com-16.png 780w, https:\/\/medlynat.com\/wp-content\/uploads\/2023\/10\/pngwing.com-16.png 360w\" sizes=\"auto, (max-width: 480px) 150px\" src=\"https:\/\/medlynat.com\/wp-content\/uploads\/2023\/10\/pngwing.com-16.png\" alt=\"\" class=\"uag-image-4809\" width=\"66\" height=\"66\" title=\"pngwing.com-16\" loading=\"lazy\" role=\"img\"\/><\/figure><\/div>\n\n\n\n<p class=\"has-text-align-center\">FABRICADO EN UNA INSTALACI\u00d3N REGISTRADA EN LA U.S F.D.A<\/p>\n<\/div>\n\n\n\n<div class=\"wp-block-uagb-container uagb-block-252e6191\">\n<div class=\"wp-block-uagb-image aligncenter uagb-block-884e5482 wp-block-uagb-image--layout-default wp-block-uagb-image--effect-static wp-block-uagb-image--align-center\"><figure class=\"wp-block-uagb-image__figure\"><img decoding=\"async\" srcset=\"https:\/\/medlynat.com\/wp-content\/uploads\/2023\/10\/pngwing.com-19.png ,https:\/\/medlynat.com\/wp-content\/uploads\/2023\/10\/pngwing.com-19.png 780w, https:\/\/medlynat.com\/wp-content\/uploads\/2023\/10\/pngwing.com-19.png 360w\" sizes=\"auto, (max-width: 480px) 150px\" src=\"https:\/\/medlynat.com\/wp-content\/uploads\/2023\/10\/pngwing.com-19.png\" alt=\"\" class=\"uag-image-4810\" width=\"77\" height=\"77\" title=\"pngwing.com-19\" loading=\"lazy\" role=\"img\"\/><\/figure><\/div>\n\n\n\n<p class=\"has-text-align-center\">ISO 9001<br>CERTIFICADO<\/p>\n<\/div>\n\n\n\n<div class=\"wp-block-uagb-container uagb-block-f4eaf840\">\n<div class=\"wp-block-uagb-image uagb-block-8245149c wp-block-uagb-image--layout-default wp-block-uagb-image--effect-static wp-block-uagb-image--align-none\"><figure class=\"wp-block-uagb-image__figure\"><img decoding=\"async\" srcset=\"https:\/\/medlynat.com\/wp-content\/uploads\/2023\/10\/pngwing.com-20.png ,https:\/\/medlynat.com\/wp-content\/uploads\/2023\/10\/pngwing.com-20.png 780w, https:\/\/medlynat.com\/wp-content\/uploads\/2023\/10\/pngwing.com-20.png 360w\" sizes=\"auto, (max-width: 480px) 150px\" src=\"https:\/\/medlynat.com\/wp-content\/uploads\/2023\/10\/pngwing.com-20.png\" alt=\"\" class=\"uag-image-4811\" width=\"84\" height=\"84\" title=\"pngwing.com-20\" loading=\"lazy\" role=\"img\"\/><\/figure><\/div>\n\n\n\n<p class=\"has-text-align-center\">GMP<br>CERTIFICADO<\/p>\n<\/div>\n\n\n\n<div class=\"wp-block-uagb-container uagb-block-45e57339\">\n<div class=\"wp-block-uagb-image uagb-block-0931154c wp-block-uagb-image--layout-default wp-block-uagb-image--effect-static wp-block-uagb-image--align-none\"><figure class=\"wp-block-uagb-image__figure\"><img decoding=\"async\" srcset=\"https:\/\/medlynat.com\/wp-content\/uploads\/2023\/10\/pngwing.com-21.png ,https:\/\/medlynat.com\/wp-content\/uploads\/2023\/10\/pngwing.com-21.png 780w, https:\/\/medlynat.com\/wp-content\/uploads\/2023\/10\/pngwing.com-21.png 360w\" sizes=\"auto, (max-width: 480px) 150px\" src=\"https:\/\/medlynat.com\/wp-content\/uploads\/2023\/10\/pngwing.com-21.png\" alt=\"\" class=\"uag-image-4812\" width=\"86\" height=\"86\" title=\"pngwing.com-21\" loading=\"lazy\" role=\"img\"\/><\/figure><\/div>\n\n\n\n<p class=\"has-text-align-center\">1 BOTELLA MEDLYCARE CONTIENE 1 MES DE SUMINISTRO<\/p>\n<\/div>\n<\/div><\/div>\n   ","protected":false},"excerpt":{"rendered":"<p>Glucosamina es un compuesto natural que se encuentra en el cart\u00edlago &#8211; la materia dura que amortigua las articulaciones y la condroitina es una parte vital del cart\u00edlago. Juntos pueden Ayuda a reducir los doloresen las articulaciones de la artritis Ayuda a frenar ladescomposici\u00f3n de lasarticulaciones Puede ayudar a mejorar lafunci\u00f3n articular enarticulaciones conartritis Mejora [&hellip;]<\/p>\n","protected":false},"author":1,"featured_media":0,"parent":0,"menu_order":0,"comment_status":"closed","ping_status":"closed","template":"","meta":{"_uag_custom_page_level_css":"","_joinchat":[],"footnotes":""},"class_list":["post-4626","page","type-page","status-publish","hentry"],"uagb_featured_image_src":{"full":false,"thumbnail":false,"medium":false,"medium_large":false,"large":false,"1536x1536":false,"2048x2048":false,"medihealth_blog_300":false,"woocommerce_thumbnail":false,"woocommerce_single":false,"woocommerce_gallery_thumbnail":false},"uagb_author_info":{"display_name":"mabelen2007","author_link":"https:\/\/medlynat.com\/index.php\/author\/mabelen2007\/"},"uagb_comment_info":0,"uagb_excerpt":"Glucosamina es un compuesto natural que se encuentra en el cart\u00edlago &#8211; la materia dura que amortigua las articulaciones y la condroitina es una parte vital del cart\u00edlago. Juntos pueden Ayuda a reducir los doloresen las articulaciones de la artritis Ayuda a frenar ladescomposici\u00f3n de lasarticulaciones Puede ayudar a mejorar lafunci\u00f3n articular enarticulaciones conartritis Mejora&hellip;","jetpack_sharing_enabled":true,"_links":{"self":[{"href":"https:\/\/medlynat.com\/index.php\/wp-json\/wp\/v2\/pages\/4626","targetHints":{"allow":["GET"]}}],"collection":[{"href":"https:\/\/medlynat.com\/index.php\/wp-json\/wp\/v2\/pages"}],"about":[{"href":"https:\/\/medlynat.com\/index.php\/wp-json\/wp\/v2\/types\/page"}],"author":[{"embeddable":true,"href":"https:\/\/medlynat.com\/index.php\/wp-json\/wp\/v2\/users\/1"}],"replies":[{"embeddable":true,"href":"https:\/\/medlynat.com\/index.php\/wp-json\/wp\/v2\/comments?post=4626"}],"version-history":[{"count":94,"href":"https:\/\/medlynat.com\/index.php\/wp-json\/wp\/v2\/pages\/4626\/revisions"}],"predecessor-version":[{"id":5809,"href":"https:\/\/medlynat.com\/index.php\/wp-json\/wp\/v2\/pages\/4626\/revisions\/5809"}],"wp:attachment":[{"href":"https:\/\/medlynat.com\/index.php\/wp-json\/wp\/v2\/media?parent=4626"}],"curies":[{"name":"wp","href":"https:\/\/api.w.org\/{rel}","templated":true}]}}