{"id":4678,"date":"2023-10-04T18:09:22","date_gmt":"2023-10-04T16:09:22","guid":{"rendered":"https:\/\/medlynat.com\/?page_id=4678"},"modified":"2024-07-03T15:28:25","modified_gmt":"2024-07-03T20:28:25","slug":"coenzima","status":"publish","type":"page","link":"https:\/\/medlynat.com\/index.php\/coenzima\/","title":{"rendered":"Coenzima Q10"},"content":{"rendered":"\n<div class=\"wp-block-columns is-layout-flex wp-container-core-columns-is-layout-1 wp-block-columns-is-layout-flex\">\n<div class=\"wp-block-column is-vertically-aligned-center is-layout-flow wp-block-column-is-layout-flow\">\n<div class=\"wp-block-uagb-image aligncenter uagb-block-9536e8b4 wp-block-uagb-image--layout-default wp-block-uagb-image--effect-static wp-block-uagb-image--align-center\"><figure class=\"wp-block-uagb-image__figure\"><img decoding=\"async\" srcset=\"https:\/\/medlynat.com\/wp-content\/uploads\/2024\/07\/COENZIMA-Q10_USA.png ,https:\/\/medlynat.com\/wp-content\/uploads\/2024\/07\/COENZIMA-Q10_USA.png 780w, https:\/\/medlynat.com\/wp-content\/uploads\/2024\/07\/COENZIMA-Q10_USA.png 360w\" sizes=\"auto, (max-width: 480px) 150px\" src=\"https:\/\/medlynat.com\/wp-content\/uploads\/2024\/07\/COENZIMA-Q10_USA.png\" alt=\"\" class=\"uag-image-5799\" width=\"246\" height=\"307\" title=\"COENZIMA Q10_USA\" loading=\"lazy\" role=\"img\"\/><\/figure><\/div>\n<\/div>\n\n\n\n<div class=\"wp-block-column is-vertically-aligned-center is-layout-flow wp-block-column-is-layout-flow\"><div class=\"wp-block-image\">\n<figure class=\"aligncenter size-full is-resized\"><img loading=\"lazy\" decoding=\"async\" width=\"456\" height=\"547\" src=\"https:\/\/medlynat.com\/wp-content\/uploads\/2024\/06\/Coenzima-Q10_2-1.png\" alt=\"\" class=\"wp-image-5507\" style=\"width:315px;height:auto\" srcset=\"https:\/\/medlynat.com\/wp-content\/uploads\/2024\/06\/Coenzima-Q10_2-1.png 456w, https:\/\/medlynat.com\/wp-content\/uploads\/2024\/06\/Coenzima-Q10_2-1-250x300.png 250w, https:\/\/medlynat.com\/wp-content\/uploads\/2024\/06\/Coenzima-Q10_2-1-188x225.png 188w\" sizes=\"auto, (max-width: 456px) 100vw, 456px\" \/><\/figure><\/div><\/div>\n\n\n\n<div class=\"wp-block-column is-vertically-aligned-center is-layout-flow wp-block-column-is-layout-flow\"><div class=\"wp-block-image\">\n<figure class=\"aligncenter size-full is-resized\"><img loading=\"lazy\" decoding=\"async\" width=\"459\" height=\"543\" src=\"https:\/\/medlynat.com\/wp-content\/uploads\/2024\/06\/Coenzima-Q10__3-1.png\" alt=\"\" class=\"wp-image-5506\" style=\"width:319px;height:auto\" srcset=\"https:\/\/medlynat.com\/wp-content\/uploads\/2024\/06\/Coenzima-Q10__3-1.png 459w, https:\/\/medlynat.com\/wp-content\/uploads\/2024\/06\/Coenzima-Q10__3-1-254x300.png 254w, https:\/\/medlynat.com\/wp-content\/uploads\/2024\/06\/Coenzima-Q10__3-1-190x225.png 190w\" sizes=\"auto, (max-width: 459px) 100vw, 459px\" \/><\/figure><\/div><\/div>\n<\/div>\n\n\n\n<h3 class=\"wp-block-heading alignfull has-text-align-center\" style=\"font-style:normal;font-weight:500\">Coenzyme Q10 (CoQ10) es un nutriente que se produce naturalmente en el cuerpo y act\u00faa como un antioxidante, que protege a las c\u00e9lulas del da\u00f1o y juega un papel importante en el metabolismo<\/h3>\n\n\n\n<div class=\"wp-block-uagb-container uagb-block-6f9b4d40 alignfull uagb-is-root-container\"><div class=\"uagb-container-inner-blocks-wrap\">\n<div class=\"wp-block-uagb-container uagb-block-ea603af0\">\n<div class=\"wp-block-uagb-image aligncenter uagb-block-72762b97 wp-block-uagb-image--layout-default wp-block-uagb-image--effect-static wp-block-uagb-image--align-center\"><figure class=\"wp-block-uagb-image__figure\"><img decoding=\"async\" srcset=\"https:\/\/medlynat.com\/wp-content\/uploads\/2023\/10\/Logo_Corazon.png ,https:\/\/medlynat.com\/wp-content\/uploads\/2023\/10\/Logo_Corazon.png 780w, https:\/\/medlynat.com\/wp-content\/uploads\/2023\/10\/Logo_Corazon.png 360w\" sizes=\"auto, (max-width: 480px) 150px\" src=\"https:\/\/medlynat.com\/wp-content\/uploads\/2023\/10\/Logo_Corazon.png\" alt=\"\" class=\"uag-image-4767\" width=\"122\" height=\"122\" title=\"\" loading=\"lazy\" role=\"img\"\/><\/figure><\/div>\n\n\n\n<p class=\"has-text-align-center\">Mejora la salud del coraz\u00f3n, <br>la presi\u00f3n arterial y la <br>insuficiencia card\u00edaca.<\/p>\n<\/div>\n\n\n\n<div class=\"wp-block-uagb-container uagb-block-31c45edf\">\n<div class=\"wp-block-uagb-image aligncenter uagb-block-273ed710 wp-block-uagb-image--layout-default wp-block-uagb-image--effect-static wp-block-uagb-image--align-center\"><figure class=\"wp-block-uagb-image__figure\"><img decoding=\"async\" srcset=\"https:\/\/medlynat.com\/wp-content\/uploads\/2023\/10\/pngwing.com-7-1.png ,https:\/\/medlynat.com\/wp-content\/uploads\/2023\/10\/pngwing.com-7-1.png 780w, https:\/\/medlynat.com\/wp-content\/uploads\/2023\/10\/pngwing.com-7-1.png 360w\" sizes=\"auto, (max-width: 480px) 150px\" src=\"https:\/\/medlynat.com\/wp-content\/uploads\/2023\/10\/pngwing.com-7-1.png\" alt=\"\" class=\"uag-image-4772\" width=\"107\" height=\"95\" title=\"\" loading=\"lazy\" role=\"img\"\/><\/figure><\/div>\n\n\n\n<p class=\"has-text-align-center\">Reduce la mortalidad y la hospitalizaci\u00f3n <br>en pacientes con insuficiencia<br>card\u00edaca congestiva<\/p>\n<\/div>\n\n\n\n<div class=\"wp-block-uagb-container uagb-block-dc98f3f9\">\n<div class=\"wp-block-uagb-image aligncenter uagb-block-0aa67dc6 wp-block-uagb-image--layout-default wp-block-uagb-image--effect-static wp-block-uagb-image--align-center\"><figure class=\"wp-block-uagb-image__figure\"><img decoding=\"async\" srcset=\"https:\/\/medlynat.com\/wp-content\/uploads\/2023\/10\/pngwing.com-8-1-1024x1024.png ,https:\/\/medlynat.com\/wp-content\/uploads\/2023\/10\/pngwing.com-8-1.png 780w, https:\/\/medlynat.com\/wp-content\/uploads\/2023\/10\/pngwing.com-8-1-1024x1024.png 360w\" sizes=\"auto, (max-width: 480px) 150px\" src=\"https:\/\/medlynat.com\/wp-content\/uploads\/2023\/10\/pngwing.com-8-1-1024x1024.png\" alt=\"\" class=\"uag-image-4782\" width=\"99\" height=\"99\" title=\"\" loading=\"lazy\" role=\"img\"\/><\/figure><\/div>\n\n\n\n<p class=\"has-text-align-center\">Reduce la toxicidad card\u00edaca<br>en pacientes sometidos<br>a tratamiento contra el c\u00e1ncer<\/p>\n<\/div>\n\n\n\n<div class=\"wp-block-uagb-container uagb-block-7c048802\"><\/div>\n\n\n\n<div class=\"wp-block-uagb-container uagb-block-f69c2939\"><\/div>\n\n\n\n<div class=\"wp-block-uagb-container uagb-block-830b0869\"><\/div>\n<\/div><\/div>\n\n\n\n<div class=\"wp-block-uagb-container uagb-block-5b5452c0 alignfull uagb-is-root-container\"><div class=\"uagb-container-inner-blocks-wrap\">\n<div class=\"wp-block-uagb-container uagb-block-84fa526f\"><div class=\"wp-block-image aligncenter\">\n<figure class=\"size-full is-resized\"><img loading=\"lazy\" decoding=\"async\" width=\"512\" height=\"512\" src=\"https:\/\/medlynat.com\/wp-content\/uploads\/2023\/10\/pngwing.com-9-1.png\" alt=\"\" class=\"wp-image-4785\" style=\"object-fit:cover;width:104px;height:104px\" srcset=\"https:\/\/medlynat.com\/wp-content\/uploads\/2023\/10\/pngwing.com-9-1.png 512w, https:\/\/medlynat.com\/wp-content\/uploads\/2023\/10\/pngwing.com-9-1-300x300.png 300w, https:\/\/medlynat.com\/wp-content\/uploads\/2023\/10\/pngwing.com-9-1-150x150.png 150w, https:\/\/medlynat.com\/wp-content\/uploads\/2023\/10\/pngwing.com-9-1-100x100.png 100w\" sizes=\"auto, (max-width: 512px) 100vw, 512px\" \/><\/figure><\/div>\n\n\n<p class=\"has-text-align-center\"><br>Puede aumentar la fuerza, <br>la vitalidad y los niveles de energ\u00eda.<br><br><\/p>\n<\/div>\n\n\n\n<div class=\"wp-block-uagb-container uagb-block-0edbd805\"><div class=\"wp-block-image aligncenter\">\n<figure class=\"size-full is-resized\"><img loading=\"lazy\" decoding=\"async\" width=\"909\" height=\"1024\" src=\"https:\/\/medlynat.com\/wp-content\/uploads\/2023\/10\/pngwing.com-10.png\" alt=\"\" class=\"wp-image-4787\" style=\"object-fit:cover;width:75px;height:84px\" srcset=\"https:\/\/medlynat.com\/wp-content\/uploads\/2023\/10\/pngwing.com-10.png 909w, https:\/\/medlynat.com\/wp-content\/uploads\/2023\/10\/pngwing.com-10-266x300.png 266w, https:\/\/medlynat.com\/wp-content\/uploads\/2023\/10\/pngwing.com-10-768x865.png 768w, https:\/\/medlynat.com\/wp-content\/uploads\/2023\/10\/pngwing.com-10-600x676.png 600w\" sizes=\"auto, (max-width: 909px) 100vw, 909px\" \/><\/figure><\/div>\n\n\n<p class=\"has-text-align-center\"><br>Puede ayudar a reducir el<br>dolor muscular asociado  <br>con algunos medicamentos <br>para reducir el colesterol<\/p>\n<\/div>\n\n\n\n<div class=\"wp-block-uagb-container uagb-block-039a9b2f\"><div class=\"wp-block-image aligncenter\">\n<figure class=\"size-full is-resized\"><img loading=\"lazy\" decoding=\"async\" width=\"497\" height=\"551\" src=\"https:\/\/medlynat.com\/wp-content\/uploads\/2023\/10\/pngwing.com-11.png\" alt=\"\" class=\"wp-image-4789\" style=\"object-fit:cover;width:71px;height:79px\" srcset=\"https:\/\/medlynat.com\/wp-content\/uploads\/2023\/10\/pngwing.com-11.png 497w, https:\/\/medlynat.com\/wp-content\/uploads\/2023\/10\/pngwing.com-11-271x300.png 271w\" sizes=\"auto, (max-width: 497px) 100vw, 497px\" \/><\/figure><\/div>\n\n\n<p class=\"has-text-align-center\"><br>Puede ayudar a pacientes con etapas tempranas de la enfermedad de Parkinson y otras enfermedades<br>neurol\u00f3gicas.<\/p>\n<\/div>\n\n\n\n<div class=\"wp-block-uagb-container uagb-block-ef8dfa47\">\n<div class=\"wp-block-uagb-container uagb-block-78a17bd7\"><\/div>\n\n\n<div class=\"wp-block-image aligncenter\">\n<figure class=\"size-full is-resized\"><img loading=\"lazy\" decoding=\"async\" width=\"500\" height=\"500\" src=\"https:\/\/medlynat.com\/wp-content\/uploads\/2023\/10\/pngwing.com-12.png\" alt=\"\" class=\"wp-image-4795\" style=\"object-fit:cover;width:79px;height:70px\" srcset=\"https:\/\/medlynat.com\/wp-content\/uploads\/2023\/10\/pngwing.com-12.png 500w, https:\/\/medlynat.com\/wp-content\/uploads\/2023\/10\/pngwing.com-12-300x300.png 300w, https:\/\/medlynat.com\/wp-content\/uploads\/2023\/10\/pngwing.com-12-150x150.png 150w, https:\/\/medlynat.com\/wp-content\/uploads\/2023\/10\/pngwing.com-12-100x100.png 100w\" sizes=\"auto, (max-width: 500px) 100vw, 500px\" \/><\/figure><\/div>\n\n\n<p class=\"has-text-align-center\">Puede ayudar a disminuir la frecuencia de las migra\u00f1as<\/p>\n<\/div>\n\n\n\n<div class=\"wp-block-uagb-container uagb-block-e572d916\">\n<div class=\"wp-block-uagb-container uagb-block-fe179d16\"><\/div>\n\n\n<div class=\"wp-block-image aligncenter\">\n<figure class=\"size-full is-resized\"><img loading=\"lazy\" decoding=\"async\" width=\"512\" height=\"512\" src=\"https:\/\/medlynat.com\/wp-content\/uploads\/2023\/10\/pngwing.com-13.png\" alt=\"\" class=\"wp-image-4796\" style=\"object-fit:cover;width:89px;height:79px\" srcset=\"https:\/\/medlynat.com\/wp-content\/uploads\/2023\/10\/pngwing.com-13.png 512w, https:\/\/medlynat.com\/wp-content\/uploads\/2023\/10\/pngwing.com-13-300x300.png 300w, https:\/\/medlynat.com\/wp-content\/uploads\/2023\/10\/pngwing.com-13-150x150.png 150w, https:\/\/medlynat.com\/wp-content\/uploads\/2023\/10\/pngwing.com-13-100x100.png 100w\" sizes=\"auto, (max-width: 512px) 100vw, 512px\" \/><\/figure><\/div>\n\n\n<p class=\"has-text-align-center\">Act\u00faa como antioxidante<br>para proteger tu piel<\/p>\n<\/div>\n<\/div><\/div>\n\n\n\n<hr class=\"wp-block-separator has-alpha-channel-opacity is-style-dots\"\/>\n\n\n\n<div class=\"wp-block-uagb-container uagb-block-60f22a64 alignfull uagb-is-root-container\"><div class=\"uagb-container-inner-blocks-wrap\">\n<div class=\"wp-block-uagb-container uagb-block-bd4d66d6\">\n<div class=\"wp-block-uagb-image aligncenter uagb-block-ff97e067 wp-block-uagb-image--layout-default wp-block-uagb-image--effect-static wp-block-uagb-image--align-center\"><figure class=\"wp-block-uagb-image__figure\"><img decoding=\"async\" srcset=\"https:\/\/medlynat.com\/wp-content\/uploads\/2023\/10\/pngwing.com-15-478x1024.png ,https:\/\/medlynat.com\/wp-content\/uploads\/2023\/10\/pngwing.com-15.png 780w, https:\/\/medlynat.com\/wp-content\/uploads\/2023\/10\/pngwing.com-15.png 360w\" sizes=\"auto, (max-width: 480px) 150px\" src=\"https:\/\/medlynat.com\/wp-content\/uploads\/2023\/10\/pngwing.com-15-478x1024.png\" alt=\"\" class=\"uag-image-4808\" width=\"60\" height=\"127\" title=\"pngwing.com-15\" loading=\"lazy\" role=\"img\"\/><\/figure><\/div>\n\n\n\n<p class=\"has-text-align-center\">NON-GMO<\/p>\n<\/div>\n\n\n\n<div class=\"wp-block-uagb-container uagb-block-fb8c7d35\">\n<div class=\"wp-block-uagb-image uagb-block-4b2d116a wp-block-uagb-image--layout-default wp-block-uagb-image--effect-static wp-block-uagb-image--align-none\"><figure class=\"wp-block-uagb-image__figure\"><img decoding=\"async\" srcset=\"https:\/\/medlynat.com\/wp-content\/uploads\/2023\/10\/pngwing.com-16.png ,https:\/\/medlynat.com\/wp-content\/uploads\/2023\/10\/pngwing.com-16.png 780w, https:\/\/medlynat.com\/wp-content\/uploads\/2023\/10\/pngwing.com-16.png 360w\" sizes=\"auto, (max-width: 480px) 150px\" src=\"https:\/\/medlynat.com\/wp-content\/uploads\/2023\/10\/pngwing.com-16.png\" alt=\"\" class=\"uag-image-4809\" width=\"66\" height=\"66\" title=\"pngwing.com-16\" loading=\"lazy\" role=\"img\"\/><\/figure><\/div>\n\n\n\n<p class=\"has-text-align-center\">FABRICADO EN UNA INSTALACI\u00d3N REGISTRADA EN LA U.S F.D.A<\/p>\n<\/div>\n\n\n\n<div class=\"wp-block-uagb-container uagb-block-252e6191\">\n<div class=\"wp-block-uagb-image aligncenter uagb-block-884e5482 wp-block-uagb-image--layout-default wp-block-uagb-image--effect-static wp-block-uagb-image--align-center\"><figure class=\"wp-block-uagb-image__figure\"><img decoding=\"async\" srcset=\"https:\/\/medlynat.com\/wp-content\/uploads\/2023\/10\/pngwing.com-19.png ,https:\/\/medlynat.com\/wp-content\/uploads\/2023\/10\/pngwing.com-19.png 780w, https:\/\/medlynat.com\/wp-content\/uploads\/2023\/10\/pngwing.com-19.png 360w\" sizes=\"auto, (max-width: 480px) 150px\" src=\"https:\/\/medlynat.com\/wp-content\/uploads\/2023\/10\/pngwing.com-19.png\" alt=\"\" class=\"uag-image-4810\" width=\"77\" height=\"77\" title=\"pngwing.com-19\" loading=\"lazy\" role=\"img\"\/><\/figure><\/div>\n\n\n\n<p class=\"has-text-align-center\">ISO 9001<br>CERTIFICADO<\/p>\n<\/div>\n\n\n\n<div class=\"wp-block-uagb-container uagb-block-f4eaf840\">\n<div class=\"wp-block-uagb-image uagb-block-8245149c wp-block-uagb-image--layout-default wp-block-uagb-image--effect-static wp-block-uagb-image--align-none\"><figure class=\"wp-block-uagb-image__figure\"><img decoding=\"async\" srcset=\"https:\/\/medlynat.com\/wp-content\/uploads\/2023\/10\/pngwing.com-20.png ,https:\/\/medlynat.com\/wp-content\/uploads\/2023\/10\/pngwing.com-20.png 780w, https:\/\/medlynat.com\/wp-content\/uploads\/2023\/10\/pngwing.com-20.png 360w\" sizes=\"auto, (max-width: 480px) 150px\" src=\"https:\/\/medlynat.com\/wp-content\/uploads\/2023\/10\/pngwing.com-20.png\" alt=\"\" class=\"uag-image-4811\" width=\"84\" height=\"84\" title=\"pngwing.com-20\" loading=\"lazy\" role=\"img\"\/><\/figure><\/div>\n\n\n\n<p class=\"has-text-align-center\">GMP<br>CERTIFICADO<\/p>\n<\/div>\n\n\n\n<div class=\"wp-block-uagb-container uagb-block-45e57339\">\n<div class=\"wp-block-uagb-image uagb-block-0931154c wp-block-uagb-image--layout-default wp-block-uagb-image--effect-static wp-block-uagb-image--align-none\"><figure class=\"wp-block-uagb-image__figure\"><img decoding=\"async\" srcset=\"https:\/\/medlynat.com\/wp-content\/uploads\/2023\/10\/pngwing.com-21.png ,https:\/\/medlynat.com\/wp-content\/uploads\/2023\/10\/pngwing.com-21.png 780w, https:\/\/medlynat.com\/wp-content\/uploads\/2023\/10\/pngwing.com-21.png 360w\" sizes=\"auto, (max-width: 480px) 150px\" src=\"https:\/\/medlynat.com\/wp-content\/uploads\/2023\/10\/pngwing.com-21.png\" alt=\"\" class=\"uag-image-4812\" width=\"86\" height=\"86\" title=\"pngwing.com-21\" loading=\"lazy\" role=\"img\"\/><\/figure><\/div>\n\n\n\n<p class=\"has-text-align-center\">1 BOTELLA MEDLYCARE CONTIENE 1 MES DE SUMINISTRO<\/p>\n<\/div>\n<\/div><\/div>\n   ","protected":false},"excerpt":{"rendered":"<p>Coenzyme Q10 (CoQ10) es un nutriente que se produce naturalmente en el cuerpo y act\u00faa como un antioxidante, que protege a las c\u00e9lulas del da\u00f1o y juega un papel importante en el metabolismo Mejora la salud del coraz\u00f3n, la presi\u00f3n arterial y la insuficiencia card\u00edaca. Reduce la mortalidad y la hospitalizaci\u00f3n en pacientes con insuficienciacard\u00edaca [&hellip;]<\/p>\n","protected":false},"author":1,"featured_media":0,"parent":0,"menu_order":0,"comment_status":"closed","ping_status":"closed","template":"","meta":{"_uag_custom_page_level_css":"","_joinchat":[],"footnotes":""},"class_list":["post-4678","page","type-page","status-publish","hentry"],"uagb_featured_image_src":{"full":false,"thumbnail":false,"medium":false,"medium_large":false,"large":false,"1536x1536":false,"2048x2048":false,"medihealth_blog_300":false,"woocommerce_thumbnail":false,"woocommerce_single":false,"woocommerce_gallery_thumbnail":false},"uagb_author_info":{"display_name":"mabelen2007","author_link":"https:\/\/medlynat.com\/index.php\/author\/mabelen2007\/"},"uagb_comment_info":0,"uagb_excerpt":"Coenzyme Q10 (CoQ10) es un nutriente que se produce naturalmente en el cuerpo y act\u00faa como un antioxidante, que protege a las c\u00e9lulas del da\u00f1o y juega un papel importante en el metabolismo Mejora la salud del coraz\u00f3n, la presi\u00f3n arterial y la insuficiencia card\u00edaca. Reduce la mortalidad y la hospitalizaci\u00f3n en pacientes con insuficienciacard\u00edaca&hellip;","jetpack_sharing_enabled":true,"_links":{"self":[{"href":"https:\/\/medlynat.com\/index.php\/wp-json\/wp\/v2\/pages\/4678","targetHints":{"allow":["GET"]}}],"collection":[{"href":"https:\/\/medlynat.com\/index.php\/wp-json\/wp\/v2\/pages"}],"about":[{"href":"https:\/\/medlynat.com\/index.php\/wp-json\/wp\/v2\/types\/page"}],"author":[{"embeddable":true,"href":"https:\/\/medlynat.com\/index.php\/wp-json\/wp\/v2\/users\/1"}],"replies":[{"embeddable":true,"href":"https:\/\/medlynat.com\/index.php\/wp-json\/wp\/v2\/comments?post=4678"}],"version-history":[{"count":81,"href":"https:\/\/medlynat.com\/index.php\/wp-json\/wp\/v2\/pages\/4678\/revisions"}],"predecessor-version":[{"id":5894,"href":"https:\/\/medlynat.com\/index.php\/wp-json\/wp\/v2\/pages\/4678\/revisions\/5894"}],"wp:attachment":[{"href":"https:\/\/medlynat.com\/index.php\/wp-json\/wp\/v2\/media?parent=4678"}],"curies":[{"name":"wp","href":"https:\/\/api.w.org\/{rel}","templated":true}]}}